common factor of r and 14?
7
Let u = -465 + 965. Calculate the greatest common factor of u and 20.
20
Suppose 5*i - 63 = 207. Suppose -5*d + 55 = o, 0 = -4*d + 3*o + 35 + 28. Let w be (d/(-10))/(-1)*300/40. What is the greatest common factor of w and i?
9
Let n be ((-3)/2)/(6/(-8)). Suppose n*q - 55 = -3*q. Calculate the highest common divisor of q and 1.
1
Let p(j) = 8*j - 58. Let c be p(11). Calculate the highest common divisor of c and 20.
10
Suppose -6*t + 600 = -t. Let h be 2192/72 - 28/63. Calculate the greatest common factor of h and t.
30
Let m = -3579 + 3594. Let r be 2 - (-56 + (-4)/2). What is the greatest common divisor of m and r?
15
Let s be (-1767)/(-133) + (-4)/14. Suppose -28 = -s*x + 9*x. Let i be (x + -4)/((-6)/(-22)). What is the highest common divisor of i and 55?
11
Let r(k) = 68*k + 274. Let b be r(-4). What is the greatest common factor of 50 and b?
2
Suppose 6*t - 1093 + 907 = 0. What is the highest common divisor of t and 62?
31
Let b(n) = -30*n - 2. Let c be b(-1). Let r be c - 4*(-4 + 3). Calculate the highest common divisor of r and 80.
16
Suppose -5*c + 2996 = -1234. What is the greatest common factor of c and 36?
18
Suppose -6*p - 296 = -10*p. Suppose 0 = q - l + 3*l - 78, q + l = p. Let y(d) = 3*d + 7. Let i be y(7). What is the greatest common factor of i and q?
14
Let d = -19 + 24. Suppose -3*v + 6 = 0, d*v - 44 = -g + 2*v. Suppose -4*h + 10 = -g. Calculate the greatest common divisor of 6 and h.
6
Let g(h) = -4*h**3 - 33*h**2 + 19*h + 20. Let f be g(-9). Calculate the highest common factor of f and 32.
4
Let c(h) = -h**3 + 6*h**2 + 11*h - 8. Let k be c(6). Suppose -32 - k = -2*b. Let v = 36 - 18. What is the highest common divisor of v and b?
9
Suppose -2*x = c - 0*c - 21, 0 = 4*x - 3*c - 17. Let f be ((-63)/(-6))/(2/x). Suppose 3*z = -0*z + 18. Calculate the greatest common divisor of f and z.
6
Let s = -582 - -615. What is the highest common divisor of s and 55?
11
Suppose -2*r - 2*w + 28 = 0, 4*r = 7*r - 2*w - 27. What is the greatest common divisor of 374 and r?
11
Let n be (-1)/(-3) - (7 - 920/30). What is the highest common divisor of 456 and n?
24
Let s(p) = p**2 - 5 + p - 9*p - 3*p. Let b be s(12). Suppose -1 - b = -4*h. Calculate the greatest common divisor of 3 and h.
1
Suppose 4*t = 3*b + 2638, 5*t - 3298 = 7*b - 3*b. Calculate the greatest common divisor of 14 and t.
14
Suppose -7*j - 178 = -220. Calculate the highest common factor of j and 34.
2
Let l be ((-12)/2)/((-12)/18). Let z = 206 + -113. Suppose 4*x - z = 267. Calculate the highest common divisor of l and x.
9
Suppose -l = -5*b + 45, l = 2*l + 5. Suppose -2*n - b - 10 = 0. Let m(d) = -3*d - 9. Let h be m(n). What is the greatest common divisor of h and 144?
18
Suppose 4*t - 5*h = 238, -h = -4*t - 4*h + 222. Suppose -t = -7*g + 4*g. What is the greatest common factor of g and 171?
19
Suppose m = 36 - 31. What is the highest common factor of m and 95?
5
Let o = -830 + 1240. Calculate the highest common factor of o and 41.
41
Let u be 3036/48 + (-2)/8. Let o(s) = 2*s**3 - 2*s**2 - 1. Let x be o(2). What is the highest common divisor of x and u?
7
Suppose 283 = a - 3*o - 2*o, -5*a - 2*o + 1496 = 0. Suppose d - a + 76 = -3*g, -5*d = 2*g - 135. What is the highest common factor of 15 and g?
15
Suppose -74*w - 193 = -785. Calculate the highest common factor of w and 3072.
8
Suppose 30*w - 12 = 18. What is the highest common divisor of w and 17?
1
Suppose -x - 83 = -88. Suppose 43 = x*c - 37. What is the greatest common divisor of c and 80?
16
Let m be 2/6*(-5 + 29). Let t = 12 - m. Suppose 0 = -o - o + 4*h + 88, -170 = -t*o + 5*h. What is the greatest common factor of o and 60?
20
Let w be 1 - (-2252)/7 - (-254)/889. Calculate the greatest common factor of 51 and w.
17
Let d be 6/(-3) + (-1 - 7 - -150). Calculate the greatest common factor of d and 770.
70
Suppose 0*j - 4*j = -24. Let s = 35 - 17. Calculate the highest common divisor of j and s.
6
Let t be (-724)/(-10) - 7*14/245. Calculate the highest common divisor of 36 and t.
36
Let s(o) = o**3 - 51*o**2 + 100*o - 70. Let z be s(49). Calculate the greatest common factor of 98 and z.
14
Suppose 6*u + 5*a + 64 = 7*u, 5*a = -20. What is the greatest common divisor of u and 22?
22
Let p(x) = x**2 + 10*x + 13. Let j be p(-9). Suppose 15 = j*d + 7. Calculate the highest common factor of 22 and d.
2
Let l = -883 + 2313. Calculate the greatest common divisor of 26 and l.
26
Suppose 30 = -12*w + 318. Let d = 44 - w. Calculate the highest common factor of 100 and d.
20
Suppose 0 = t + 4*z - 9*z - 66, t = 2*z + 60. Calculate the greatest common divisor of 28 and t.
28
Let w be (((-428)/(-3))/4 - (-16)/12) + -3. Let n = -422 + 660. What is the highest common factor of n and w?
34
Suppose 12*c - 4*c - 1224 = 0. What is the greatest common factor of 18 and c?
9
Let c = 7 - 12. Let n be 5/(c/(-6) - 0). Suppose -136 = -3*t + 8. What is the highest common divisor of t and n?
6
Suppose 2*w + 5*f - 5 = 2, 0 = -w + 3*f - 2. Suppose 0 = k - 9 - w. Suppose 0 = -n + k. Calculate the greatest common divisor of 5 and n.
5
Suppose 22*u - 252 - 1284 = -2*u. Let t be -1 + -9*4/(-6). Suppose 32 = t*l - 48. What is the highest common factor of u and l?
16
Let n(m) = -m**2 - 7*m + 8. Suppose w = 2*w - 35. Suppose 0 = 4*p + p + w. Let k be n(p). What is the highest common factor of 40 and k?
8
Let d(n) = n**3 + n**2 - n + 2. Let a be d(0). Let z(x) = -36 - 3*x - a*x + x + x. Let p be z(-15). Calculate the greatest common factor of 6 and p.
3
Let j(o) = -226*o - 55. Let w be j(-1). Calculate the highest common divisor of 27 and w.
9
Let x be (-1)/(-2)*(-432)/(-22 - -4). Let i = 28 - 42. Let a be 48/i*(-49)/2. Calculate the highest common factor of x and a.
12
Let m = 9993 + -9991. Let p(w) = 2*w**2 + 2*w + 2. Let g be p(3). Calculate the greatest common factor of g and m.
2
Let m(c) = 18*c**2 - 4*c**3 + 4*c + 6 - 46*c**2 + 24*c**2. Let w be m(-4). Calculate the greatest common factor of 26 and w.
26
Let h(d) = -d - 7. Let v be h(-27). Calculate the highest common divisor of 2420 and v.
20
Let d(o) = -2*o + 4. Let v be d(2). Suppose -2*z + 0*z + 6 = v. Let c(h) = -3*h + 9. Let m be c(-8). What is the greatest common factor of m and z?
3
Let x be (7224/(-70))/(-2 - (-240)/125). Calculate the greatest common factor of x and 90.
30
Let z(r) = 12*r + 72. Let o be z(31). What is the greatest common factor of o and 24?
12
Let f be (-3 - 1)/((-43)/14 + 3). Let b = 70 - f. Calculate the greatest common divisor of b and 14.
14
Let m(s) = s**3 + 15*s**2 - 44*s + 17. Let x be m(-17). Let g be 1*11/(-1 - -2). What is the highest common factor of x and g?
11
Suppose 0 = 2*n - 6 - 26. Suppose 0 = 2*u, 4*m - 4*u - n = 8. Calculate the greatest common factor of m and 12.
6
Suppose a = 0, 4*c + 0*c - 144 = -4*a. Let x be (2 - 4) + (-56)/(-1). Calculate the greatest common factor of x and c.
18
Suppose 2*i = 17 - 1. Let y be 297 + (-26)/(-91) + (-38)/(-14). Suppose 2*q - 10 = 0, -5*l = 3*q + q - y. What is the highest common divisor of l and i?
8
Suppose -4*b - 38 + 118 = 0. Let p(m) = m**2 - 20*m + 121. Let d be p(13). What is the greatest common factor of b and d?
10
Let r be -1 - (-2)/(4/26). Let m(u) = 6*u + 12. Let c be m(1). What is the highest common divisor of r and c?
6
Suppose 5*w + 3*f = -0*w + 79, -5*w = -3*f - 61. Let q(z) = z**3 - 3*z**2 - 5*z - 7. Let a be q(7). What is the highest common factor of a and w?
14
Let g(c) be the second derivative of 3*c**4/4 + c**3/2 + c**2 - 5*c. Let l be g(-1). Suppose -12*p = -l*p - 8. Calculate the highest common factor of 5 and p.
1
Suppose t = 3*t - 50. Suppose -t = -2*n - 3*y, -4*y + 52 = n + 4*n. Calculate the highest common divisor of n and 32.
8
Suppose 39*h - 36*h - 198 = 0. What is the greatest common divisor of h and 297?
33
Let h(g) = -g**2 + 10*g - 6. Let k be h(9). Suppose k*q - 15 = 66. Calculate the highest common divisor of 9 and q.
9
Let o(b) = -5*b + 32. Let r be o(4). What is the greatest common divisor of 96 and r?
12
Let r(i) = -i**3 + 8*i**2 + 7*i + 22. Let p be r(9). Suppose -3*v + 5*a + 225 = 0, 0*v - a = -p*v + 283. Calculate the highest common divisor of v and 10.
10
Suppose 0 = -21*d + 757 + 440. What is the highest common divisor of d and 418?
19
Let a(v) = -5*v